s of 25237089?
3, 311569
What are the prime factors of 192853?
192853
What are the prime factors of 1711854?
2, 3, 10567
List the prime factors of 548159.
23, 23833
List the prime factors of 4668004.
2, 11, 277, 383
List the prime factors of 35451212.
2, 59, 150217
List the prime factors of 8590019.
229, 37511
List the prime factors of 5177555.
5, 307, 3373
List the prime factors of 7871342.
2, 743, 5297
List the prime factors of 407899.
407899
List the prime factors of 11331590.
2, 5, 1133159
What are the prime factors of 276308?
2, 67, 1031
What are the prime factors of 3204641?
11, 291331
List the prime factors of 490159.
490159
What are the prime factors of 6068020?
2, 5, 7, 89, 487
List the prime factors of 446478.
2, 3, 74413
List the prime factors of 257934.
2, 3, 42989
What are the prime factors of 13422647?
7, 1917521
List the prime factors of 4811255.
5, 17, 23, 107
List the prime factors of 5062789.
1433, 3533
List the prime factors of 439629.
3, 146543
List the prime factors of 9015601.
7, 601, 2143
What are the prime factors of 17420535?
3, 5, 11, 11731
What are the prime factors of 35244547?
13, 2711119
List the prime factors of 1328358.
2, 3, 221393
List the prime factors of 24395.
5, 7, 17, 41
List the prime factors of 860129.
43, 83, 241
List the prime factors of 166848.
2, 3, 11, 79
List the prime factors of 3202309.
11, 89, 3271
List the prime factors of 264590.
2, 5, 26459
What are the prime factors of 5724333?
3, 271, 2347
What are the prime factors of 259793?
239, 1087
What are the prime factors of 531935?
5, 191, 557
What are the prime factors of 14634694?
2, 7317347
List the prime factors of 5529228.
2, 3, 19, 24251
List the prime factors of 10578658.
2, 17, 311137
List the prime factors of 3934922.
2, 17, 115733
What are the prime factors of 219287?
103, 2129
What are the prime factors of 12290755?
5, 2458151
What are the prime factors of 3410547?
3, 7, 23201
List the prime factors of 61151.
61151
What are the prime factors of 1900714?
2, 950357
What are the prime factors of 1859831?
1859831
What are the prime factors of 178846?
2, 223, 401
What are the prime factors of 8120327?
151, 53777
What are the prime factors of 4225128?
2, 3, 176047
List the prime factors of 289212.
2, 3, 7, 11, 313
What are the prime factors of 1022636?
2, 255659
List the prime factors of 251708.
2, 62927
What are the prime factors of 15973338?
2, 3, 19, 61, 2297
What are the prime factors of 627973?
627973
List the prime factors of 1036655.
5, 207331
What are the prime factors of 43974?
2, 3, 7, 349
What are the prime factors of 699225?
3, 5, 9323
What are the prime factors of 3000661?
109, 27529
List the prime factors of 127091.
19, 6689
List the prime factors of 2639941.
2639941
List the prime factors of 29524.
2, 11, 61
What are the prime factors of 176175?
3, 5, 29
List the prime factors of 84099.
3, 17, 97
What are the prime factors of 19291154?
2, 9645577
List the prime factors of 139437.
3, 15493
What are the prime factors of 1943669?
7, 13, 31, 53
What are the prime factors of 460232?
2, 57529
What are the prime factors of 73387?
73387
What are the prime factors of 15709146?
2, 3, 2618191
List the prime factors of 5652239.
71, 79609
What are the prime factors of 676630?
2, 5, 71, 953
What are the prime factors of 363981?
3, 121327
What are the prime factors of 1185866?
2, 11, 19, 2837
List the prime factors of 127630.
2, 5, 12763
List the prime factors of 81360.
2, 3, 5, 113
List the prime factors of 11543393.
19, 43, 71, 199
List the prime factors of 2131458.
2, 3, 7, 19, 2671
What are the prime factors of 788413?
788413
What are the prime factors of 2670460?
2, 5, 13, 10271
List the prime factors of 5843158.
2, 71, 41149
What are the prime factors of 16190577?
3, 13, 193, 239
What are the prime factors of 4139808?
2, 3, 29, 1487
What are the prime factors of 400151?
400151
List the prime factors of 15691609.
15691609
What are the prime factors of 82153?
82153
List the prime factors of 57145.
5, 11, 1039
List the prime factors of 716561.
29, 24709
What are the prime factors of 1421205?
3, 5, 94747
What are the prime factors of 1585025?
5, 13, 4877
What are the prime factors of 3987885?
3, 5, 11, 24169
List the prime factors of 2224175.
5, 43, 2069
What are the prime factors of 42074?
2, 109, 193
What are the prime factors of 4357045?
5, 7, 11, 11317
What are the prime factors of 57586?
2, 28793
List the prime factors of 5044377.
3, 13, 211, 613
What are the prime factors of 1334065?
5, 251, 1063
List the prime factors of 5611822.
2, 2805911
What are the prime factors of 4284296?
2, 97, 5521
List the prime factors of 1219268.
2, 19, 61, 263
What are the prime factors of 3672632?
2, 31, 59, 251
List the prime factors of 2114698.
2, 17, 37, 41
List the prime factors of 4102172.
2, 1025543
List the prime factors of 253191.
3, 37, 2281
What are the prime factors of 14163056?
2, 19, 46589
List the prime factors of 142649.
13, 10973
What are the prime factors of 2170577?
17, 127681
List the prime factors of 2088295.
5, 11, 43, 883
List the prime factors of 1265861.
1265861
List the prime factors of 24432.
2, 3, 509
What are the prime factors of 8338?
2, 11, 379
What are the prime factors of 869951?
869951
List the prime factors of 3229375.
5, 5167
What are the prime factors of 251299?
79, 3181
What are the prime factors of 134436?
2, 3, 17, 659
What are the prime factors of 4905073?
241, 20353
What are the prime factors of 1261032?
2, 3, 52543
List the prime factors of 337502.
2, 11, 23, 29
What are the prime factors of 5984095?
5, 13, 43, 2141
List the prime factors of 5329045.
5, 1065809
What are the prime factors of 15615?
3, 5, 347
List the prime factors of 60014.
2, 37, 811
List the prime factors of 2471568.
2, 3, 11, 31, 151
List the prime factors of 856540.
2, 5, 113, 379
List the prime factors of 12395366.
2, 41, 151163
What are the prime factors of 895231?
895231
What are the prime factors of 3361294?
2, 1680647
What are the prime factors of 172461?
3, 57487
List the prime factors of 456575.
5, 7, 2609
What are the prime factors of 1091798?
2, 545899
What are the prime factors of 4396780?
2, 5, 219839
List the prime factors of 168611.
103, 1637
List the prime factors of 1490680.
2, 5, 83, 449
List the prime factors of 299653.
299653
What are the prime factors of 21737633?
1163, 18691
What are the prime factors of 6381925?
5, 11, 23, 1009
List the prime factors of 325971.
3, 12073
List the prime factors of 44170.
2, 5, 7, 631
List the prime factors of 9145746.
2, 3, 508097
List the prime factors of 2697899.
29, 31, 3001
What are the prime factors of 468930?
2, 3, 5, 7, 11, 29
What are the prime factors of 3882577?
41, 281, 337
List the prime factors of 7160250.
2, 3, 5, 9547
What are the prime factors of 13441097?
13441097
What are the prime factors of 500383?
13, 61, 631
What are the prime factors of 6482952?
2, 3, 7, 19, 677
What are the prime factors of 1774513?
13, 136501
What are the prime factors of 8014266?
2, 3, 13, 29, 1181
List the prime factors of 244122.
2, 3, 23, 29, 61
What are the prime factors of 42073?
42073
List the prime factors of 143391.
3, 47797
What are the prime factors of 230403?
3, 76801
List the prime factors of 470045.
5, 94009
List the prime factors of 515615.
5, 103123
List the prime factors of 351646.
2, 193, 911
List the prime factors of 176981.
7, 131, 193
List the prime factors of 21822876.
2, 3, 733, 827
What are the prime factors of 1169711?
23, 50857
What are the prime factors of 176678?
2, 88339
List the prime factors of 1507383.
3, 55829
What are the prime factors of 840695?
5, 277, 607
What are the prime factors of 10556569?
10556569
What are the prime factors of 1010423?
1010423
What are the prime factors of 162837?
3, 37, 163
What are the prime factors of 2274649?
13, 37, 4729
What are the prime factors of 336749?
7, 73, 659
List the prime factors of 6815598.
2, 3, 31, 36643
List the prime factors of 135156.
2, 3, 7, 1609
List the prime factors of 345727.
345727
List the prime factors of 2164660.
2, 5, 108233
List the prime factors of 10443762.
2, 3, 7, 3947
What are the prime factors of 216763?
43, 71
What are the prime factors of 1277626?
2, 7, 13037
What are the prime factors of 5516